{"id":46,"date":"2016-08-23T19:03:12","date_gmt":"2016-08-23T17:03:12","guid":{"rendered":"http:\/\/fanrechtefonds.de\/blog\/?page_id=46"},"modified":"2026-04-06T13:03:29","modified_gmt":"2026-04-06T11:03:29","slug":"beirat","status":"publish","type":"page","link":"https:\/\/fanrechtefonds.de\/blog\/beirat\/","title":{"rendered":"Beirat"},"content":{"rendered":"<div id=\"pl-46\" class=\"panel-layout\">\n<div id=\"pg-46-0\" class=\"panel-grid panel-no-style\" data-style=\"{&quot;background_display&quot;:&quot;tile&quot;}\">\n<div id=\"pgc-46-0-0\" class=\"panel-grid-cell\" data-weight=\"0.77969613259669\">\n<div id=\"panel-46-0-0-0\" class=\"so-panel widget widget_sow-editor panel-first-child panel-last-child\" data-index=\"0\" data-style=\"{&quot;background_image_attachment&quot;:false,&quot;background_display&quot;:&quot;tile&quot;}\">\n<div class=\"so-widget-sow-editor so-widget-sow-editor-base\">\n<div class=\"siteorigin-widget-tinymce textwidget\">\n<p>Der Beirat ist ein vom Kassenrat berufenes Kollegium besonders erfahrener und fachkundiger Pers\u00f6nlichkeiten, welches den Kassenrat bei wichtigen Entscheidungen beratend unterst\u00fctzt.<\/p>\n<p><strong>Markus Bliemetsrieder<\/strong><br \/>\nJurist und Sportreporter, Dortmund<\/p>\n<p><strong>Angela Furmaniak<br \/>\n<\/strong>Rechtsanw\u00e4ltin, L\u00f6rrach<\/p>\n<p><strong>Sophia Gerschel<\/strong><br \/>\nehem. Sprecherin der Bundesarbeitsgemeinschaft der Fanprojekte, Karlsruhe<\/p>\n<p><strong>Dirk Gr\u00e4ning<br \/>\n<\/strong>Rechtsanwalt, Berlin<\/p>\n<p><strong>Lasse Gutsch<\/strong><br \/>\nAufsichtsrat Hannover 96<\/p>\n<p><strong>Antje Hagel<\/strong><br \/>\nFanprojekt Offenbach, Sprecherin der Bundesarbeitsgemeinschaft der Fanprojekte<\/p>\n<p><strong>Hannes Honecker\u00a0<\/strong><br \/>\nRechtsanwalt<\/p>\n<p><strong>Dr. Andreas H\u00fcttl<br \/>\n<\/strong>Rechtsanwalt, Hannover<\/p>\n<p><strong>Werner H\u00fclsmann<\/strong><br \/>\nStv. Vorsitzender der Deutschen Vereinigung f\u00fcr Datenschutz (DVD)<\/p>\n<p><strong>G\u00fcnther Koch<\/strong><br \/>\nFussballreporter<\/p>\n<p><strong>Ren\u00e9 Lau<\/strong><br \/>\nRechtsanwalt, Berlin<\/p>\n<p><strong>Gloria Holborn<br \/>\n<\/strong>Rechtsanw\u00e4ltin, Pro Fans, Berlin<\/p>\n<p><strong>Donato Melillo<\/strong><br \/>\nFanbeauftragter Hertha BSC Berlin<\/p>\n<p><strong>Stephan Minden<\/strong><br \/>\nRechtsanwalt, Frankfurt<\/p>\n<p><strong>Marco Noli<\/strong><br \/>\nRechtsanwalt, M\u00fcnchen<\/p>\n<p><strong>Frank Rost<\/strong><br \/>\nehem. Profifu\u00dfballer<\/p>\n<p><strong>Sandra Schwedler<\/strong><br \/>\nAufsichtsratsvorsitzende FC St. Pauli<\/p>\n<\/div>\n<\/div>\n<\/div>\n<\/div>\n<div id=\"pgc-46-0-1\" class=\"panel-grid-cell\" data-weight=\"0.22030386740331\">\n<div id=\"panel-46-0-1-0\" class=\"so-panel widget widget_sow-editor panel-first-child panel-last-child\" data-index=\"1\" data-style=\"{&quot;background&quot;:&quot;#d6d6d6&quot;,&quot;background_image_attachment&quot;:false,&quot;background_display&quot;:&quot;tile&quot;}\">\n<div class=\"panel-widget-style panel-widget-style-for-46-0-1-0\">\n<div class=\"so-widget-sow-editor so-widget-sow-editor-base\">\n<div class=\"siteorigin-widget-tinymce textwidget\">\n<p><span style=\"color: #800000;\"><strong>Spendenkonto<\/strong><\/span><\/p>\n<p><strong>Kontoinhaber:<\/strong><br \/>\nRA Tobias Westkamp<\/p>\n<p><strong>IBAN:<\/strong><br \/>\nDE11 3705 0299 0000 3793 88<\/p>\n<p><strong>BIC:<\/strong><br \/>\nCOKSDE33XXX<br \/>\n(KSK K\u00f6ln)<\/p>\n<p><strong>Verwendungszweck:<\/strong><br \/>\nFanrechtefonds, Name, E-Mail-Adresse!!!<\/p>\n<\/div>\n<\/div>\n<\/div>\n<\/div>\n<\/div>\n<\/div>\n<\/div>\n","protected":false},"excerpt":{"rendered":"<p>Der Beirat ist ein vom Kassenrat berufenes Kollegium besonders erfahrener und fachkundiger Pers\u00f6nlichkeiten, welches den Kassenrat bei wichtigen Entscheidungen beratend unterst\u00fctzt. Markus Bliemetsrieder Jurist und Sportreporter, Dortmund Angela Furmaniak Rechtsanw\u00e4ltin, L\u00f6rrach Sophia Gerschel ehem. Sprecherin der Bundesarbeitsgemeinschaft der Fanprojekte, Karlsruhe &hellip; <a href=\"https:\/\/fanrechtefonds.de\/blog\/beirat\/\">Weiter<\/a><\/p>\n","protected":false},"author":1,"featured_media":0,"parent":0,"menu_order":0,"comment_status":"closed","ping_status":"closed","template":"page-fullwidth.php","meta":{"kt_blocks_editor_width":"","footnotes":""},"class_list":["post-46","page","type-page","status-publish","hentry"],"yoast_head":"<!-- This site is optimized with the Yoast SEO plugin v27.4 - https:\/\/yoast.com\/product\/yoast-seo-wordpress\/ -->\n<title>Beirat - Fanrechtefonds<\/title>\n<meta name=\"robots\" content=\"index, follow, max-snippet:-1, max-image-preview:large, max-video-preview:-1\" \/>\n<link rel=\"canonical\" href=\"https:\/\/fanrechtefonds.de\/blog\/beirat\/\" \/>\n<meta property=\"og:locale\" content=\"de_DE\" \/>\n<meta property=\"og:type\" content=\"article\" \/>\n<meta property=\"og:title\" content=\"Beirat - Fanrechtefonds\" \/>\n<meta property=\"og:description\" content=\"Der Beirat ist ein vom Kassenrat berufenes Kollegium besonders erfahrener und fachkundiger Pers\u00f6nlichkeiten, welches den Kassenrat bei wichtigen Entscheidungen beratend unterst\u00fctzt. Markus Bliemetsrieder Jurist und Sportreporter, Dortmund Angela Furmaniak Rechtsanw\u00e4ltin, L\u00f6rrach Sophia Gerschel ehem. Sprecherin der Bundesarbeitsgemeinschaft der Fanprojekte, Karlsruhe &hellip; Weiter\" \/>\n<meta property=\"og:url\" content=\"https:\/\/fanrechtefonds.de\/blog\/beirat\/\" \/>\n<meta property=\"og:site_name\" content=\"Fanrechtefonds\" \/>\n<meta property=\"article:modified_time\" content=\"2026-04-06T11:03:29+00:00\" \/>\n<meta property=\"og:image\" content=\"https:\/\/fanrechtefonds.de\/blog\/wp-content\/uploads\/2021\/04\/Logo_200x200.png\" \/>\n\t<meta property=\"og:image:width\" content=\"400\" \/>\n\t<meta property=\"og:image:height\" content=\"400\" \/>\n\t<meta property=\"og:image:type\" content=\"image\/png\" \/>\n<meta name=\"twitter:card\" content=\"summary_large_image\" \/>\n<meta name=\"twitter:label1\" content=\"Gesch\u00e4tzte Lesezeit\" \/>\n\t<meta name=\"twitter:data1\" content=\"1\u00a0Minute\" \/>\n<script type=\"application\/ld+json\" class=\"yoast-schema-graph\">{\"@context\":\"https:\\\/\\\/schema.org\",\"@graph\":[{\"@type\":\"WebPage\",\"@id\":\"https:\\\/\\\/fanrechtefonds.de\\\/blog\\\/beirat\\\/\",\"url\":\"https:\\\/\\\/fanrechtefonds.de\\\/blog\\\/beirat\\\/\",\"name\":\"Beirat - Fanrechtefonds\",\"isPartOf\":{\"@id\":\"https:\\\/\\\/fanrechtefonds.de\\\/blog\\\/#website\"},\"datePublished\":\"2016-08-23T17:03:12+00:00\",\"dateModified\":\"2026-04-06T11:03:29+00:00\",\"breadcrumb\":{\"@id\":\"https:\\\/\\\/fanrechtefonds.de\\\/blog\\\/beirat\\\/#breadcrumb\"},\"inLanguage\":\"de\",\"potentialAction\":[{\"@type\":\"ReadAction\",\"target\":[\"https:\\\/\\\/fanrechtefonds.de\\\/blog\\\/beirat\\\/\"]}]},{\"@type\":\"BreadcrumbList\",\"@id\":\"https:\\\/\\\/fanrechtefonds.de\\\/blog\\\/beirat\\\/#breadcrumb\",\"itemListElement\":[{\"@type\":\"ListItem\",\"position\":1,\"name\":\"Startseite\",\"item\":\"https:\\\/\\\/fanrechtefonds.de\\\/blog\\\/\"},{\"@type\":\"ListItem\",\"position\":2,\"name\":\"Beirat\"}]},{\"@type\":\"WebSite\",\"@id\":\"https:\\\/\\\/fanrechtefonds.de\\\/blog\\\/#website\",\"url\":\"https:\\\/\\\/fanrechtefonds.de\\\/blog\\\/\",\"name\":\"Fanrechtefonds\",\"description\":\"Fanrechtefonds\",\"potentialAction\":[{\"@type\":\"SearchAction\",\"target\":{\"@type\":\"EntryPoint\",\"urlTemplate\":\"https:\\\/\\\/fanrechtefonds.de\\\/blog\\\/?s={search_term_string}\"},\"query-input\":{\"@type\":\"PropertyValueSpecification\",\"valueRequired\":true,\"valueName\":\"search_term_string\"}}],\"inLanguage\":\"de\"}]}<\/script>\n<!-- \/ Yoast SEO plugin. -->","yoast_head_json":{"title":"Beirat - Fanrechtefonds","robots":{"index":"index","follow":"follow","max-snippet":"max-snippet:-1","max-image-preview":"max-image-preview:large","max-video-preview":"max-video-preview:-1"},"canonical":"https:\/\/fanrechtefonds.de\/blog\/beirat\/","og_locale":"de_DE","og_type":"article","og_title":"Beirat - Fanrechtefonds","og_description":"Der Beirat ist ein vom Kassenrat berufenes Kollegium besonders erfahrener und fachkundiger Pers\u00f6nlichkeiten, welches den Kassenrat bei wichtigen Entscheidungen beratend unterst\u00fctzt. Markus Bliemetsrieder Jurist und Sportreporter, Dortmund Angela Furmaniak Rechtsanw\u00e4ltin, L\u00f6rrach Sophia Gerschel ehem. Sprecherin der Bundesarbeitsgemeinschaft der Fanprojekte, Karlsruhe &hellip; Weiter","og_url":"https:\/\/fanrechtefonds.de\/blog\/beirat\/","og_site_name":"Fanrechtefonds","article_modified_time":"2026-04-06T11:03:29+00:00","og_image":[{"width":400,"height":400,"url":"https:\/\/fanrechtefonds.de\/blog\/wp-content\/uploads\/2021\/04\/Logo_200x200.png","type":"image\/png"}],"twitter_card":"summary_large_image","twitter_misc":{"Gesch\u00e4tzte Lesezeit":"1\u00a0Minute"},"schema":{"@context":"https:\/\/schema.org","@graph":[{"@type":"WebPage","@id":"https:\/\/fanrechtefonds.de\/blog\/beirat\/","url":"https:\/\/fanrechtefonds.de\/blog\/beirat\/","name":"Beirat - Fanrechtefonds","isPartOf":{"@id":"https:\/\/fanrechtefonds.de\/blog\/#website"},"datePublished":"2016-08-23T17:03:12+00:00","dateModified":"2026-04-06T11:03:29+00:00","breadcrumb":{"@id":"https:\/\/fanrechtefonds.de\/blog\/beirat\/#breadcrumb"},"inLanguage":"de","potentialAction":[{"@type":"ReadAction","target":["https:\/\/fanrechtefonds.de\/blog\/beirat\/"]}]},{"@type":"BreadcrumbList","@id":"https:\/\/fanrechtefonds.de\/blog\/beirat\/#breadcrumb","itemListElement":[{"@type":"ListItem","position":1,"name":"Startseite","item":"https:\/\/fanrechtefonds.de\/blog\/"},{"@type":"ListItem","position":2,"name":"Beirat"}]},{"@type":"WebSite","@id":"https:\/\/fanrechtefonds.de\/blog\/#website","url":"https:\/\/fanrechtefonds.de\/blog\/","name":"Fanrechtefonds","description":"Fanrechtefonds","potentialAction":[{"@type":"SearchAction","target":{"@type":"EntryPoint","urlTemplate":"https:\/\/fanrechtefonds.de\/blog\/?s={search_term_string}"},"query-input":{"@type":"PropertyValueSpecification","valueRequired":true,"valueName":"search_term_string"}}],"inLanguage":"de"}]}},"_links":{"self":[{"href":"https:\/\/fanrechtefonds.de\/blog\/wp-json\/wp\/v2\/pages\/46","targetHints":{"allow":["GET"]}}],"collection":[{"href":"https:\/\/fanrechtefonds.de\/blog\/wp-json\/wp\/v2\/pages"}],"about":[{"href":"https:\/\/fanrechtefonds.de\/blog\/wp-json\/wp\/v2\/types\/page"}],"author":[{"embeddable":true,"href":"https:\/\/fanrechtefonds.de\/blog\/wp-json\/wp\/v2\/users\/1"}],"replies":[{"embeddable":true,"href":"https:\/\/fanrechtefonds.de\/blog\/wp-json\/wp\/v2\/comments?post=46"}],"version-history":[{"count":12,"href":"https:\/\/fanrechtefonds.de\/blog\/wp-json\/wp\/v2\/pages\/46\/revisions"}],"predecessor-version":[{"id":323,"href":"https:\/\/fanrechtefonds.de\/blog\/wp-json\/wp\/v2\/pages\/46\/revisions\/323"}],"wp:attachment":[{"href":"https:\/\/fanrechtefonds.de\/blog\/wp-json\/wp\/v2\/media?parent=46"}],"curies":[{"name":"wp","href":"https:\/\/api.w.org\/{rel}","templated":true}]}}