{"version":"1.0","provider_name":"Fanrechtefonds","provider_url":"https:\/\/fanrechtefonds.de\/blog","author_name":"frf_admin","author_url":"https:\/\/fanrechtefonds.de\/blog\/author\/frf_admin\/","title":"Dialog statt Populismus - Fanrechtefonds","type":"rich","width":600,"height":338,"html":"<blockquote class=\"wp-embedded-content\" data-secret=\"HrzAzsq8VB\"><a href=\"https:\/\/fanrechtefonds.de\/blog\/2011\/11\/30\/dialog-statt-populismus\/\">Dialog statt Populismus<\/a><\/blockquote><iframe sandbox=\"allow-scripts\" security=\"restricted\" src=\"https:\/\/fanrechtefonds.de\/blog\/2011\/11\/30\/dialog-statt-populismus\/embed\/#?secret=HrzAzsq8VB\" width=\"600\" height=\"338\" title=\"&#8222;Dialog statt Populismus&#8220; &#8211; Fanrechtefonds\" data-secret=\"HrzAzsq8VB\" frameborder=\"0\" marginwidth=\"0\" marginheight=\"0\" scrolling=\"no\" class=\"wp-embedded-content\"><\/iframe><script type=\"text\/javascript\">\n\/* <![CDATA[ *\/\n\/*! This file is auto-generated *\/\n!function(d,l){\"use strict\";l.querySelector&&d.addEventListener&&\"undefined\"!=typeof URL&&(d.wp=d.wp||{},d.wp.receiveEmbedMessage||(d.wp.receiveEmbedMessage=function(e){var t=e.data;if((t||t.secret||t.message||t.value)&&!\/[^a-zA-Z0-9]\/.test(t.secret)){for(var s,r,n,a=l.querySelectorAll('iframe[data-secret=\"'+t.secret+'\"]'),o=l.querySelectorAll('blockquote[data-secret=\"'+t.secret+'\"]'),c=new RegExp(\"^https?:$\",\"i\"),i=0;i<o.length;i++)o[i].style.display=\"none\";for(i=0;i<a.length;i++)s=a[i],e.source===s.contentWindow&&(s.removeAttribute(\"style\"),\"height\"===t.message?(1e3<(r=parseInt(t.value,10))?r=1e3:~~r<200&&(r=200),s.height=r):\"link\"===t.message&&(r=new URL(s.getAttribute(\"src\")),n=new URL(t.value),c.test(n.protocol))&&n.host===r.host&&l.activeElement===s&&(d.top.location.href=t.value))}},d.addEventListener(\"message\",d.wp.receiveEmbedMessage,!1),l.addEventListener(\"DOMContentLoaded\",function(){for(var e,t,s=l.querySelectorAll(\"iframe.wp-embedded-content\"),r=0;r<s.length;r++)(t=(e=s[r]).getAttribute(\"data-secret\"))||(t=Math.random().toString(36).substring(2,12),e.src+=\"#?secret=\"+t,e.setAttribute(\"data-secret\",t)),e.contentWindow.postMessage({message:\"ready\",secret:t},\"*\")},!1)))}(window,document);\n\/\/# sourceURL=https:\/\/fanrechtefonds.de\/blog\/wp-includes\/js\/wp-embed.min.js\n\/* ]]> *\/\n<\/script>\n","description":"Wir dokumentieren an dieser Stelle eine Pressemitteilung der Arbeitsgemeinschaft Fananw\u00e4lte, in der auch die meisten der Rechtsanw\u00e4lte organisiert sind, die Mitglied im Beirat des Fanrechtefonds sind. Die AG Fananw\u00e4lte fordert eine differenzierte Sicht auf die Vorf\u00e4lle in und au\u00dferhalb der &hellip; Weiter","thumbnail_url":"https:\/\/fanrechtefonds.de\/blog\/wp-content\/uploads\/2021\/04\/Logo_200x200.png","thumbnail_width":400,"thumbnail_height":400}

Wir dokumentieren an dieser Stelle eine Pressemitteilung der Arbeitsgemeinschaft Fananwälte, in der auch die meisten der Rechtsanwälte organisiert sind, die Mitglied im Beirat des Fanrechtefonds sind. Die AG Fananwälte fordert eine differenzierte Sicht auf die Vorfälle in und außerhalb der &hellip; Weiter
